 thousands digit of 955389?
5
What is the thousands digit of 17758078?
8
What is the units digit of 1297945?
5
What is the units digit of 1479284?
4
What is the tens digit of 195958?
5
What is the hundred thousands digit of 11166958?
1
What is the hundred thousands digit of 18831576?
8
What is the thousands digit of 666709?
6
What is the hundred thousands digit of 10536195?
5
What is the hundred thousands digit of 4466472?
4
What is the tens digit of 139581?
8
What is the thousands digit of 59881?
9
What is the thousands digit of 8930?
8
What is the hundred thousands digit of 299470?
2
What is the units digit of 17871?
1
What is the ten thousands digit of 2922725?
2
What is the hundreds digit of 330492?
4
What is the units digit of 83078?
8
What is the hundreds digit of 4555312?
3
What is the ten millions digit of 13383115?
1
What is the hundreds digit of 335037?
0
What is the millions digit of 41758017?
1
What is the thousands digit of 575382?
5
What is the tens digit of 7819323?
2
What is the hundred thousands digit of 13303408?
3
What is the tens digit of 242792?
9
What is the ten thousands digit of 159264?
5
What is the millions digit of 32850537?
2
What is the units digit of 181413?
3
What is the units digit of 14066842?
2
What is the hundreds digit of 331969?
9
What is the thousands digit of 642017?
2
What is the tens digit of 1119054?
5
What is the tens digit of 2538914?
1
What is the ten thousands digit of 204117?
0
What is the hundreds digit of 224945?
9
What is the hundreds digit of 13154185?
1
What is the units digit of 554078?
8
What is the hundred thousands digit of 5125635?
1
What is the hundred thousands digit of 1529022?
5
What is the units digit of 2556496?
6
What is the hundreds digit of 15460947?
9
What is the millions digit of 4170659?
4
What is the thousands digit of 1374806?
4
What is the hundreds digit of 88071?
0
What is the thousands digit of 211905?
1
What is the tens digit of 124493?
9
What is the thousands digit of 6745660?
5
What is the thousands digit of 4030577?
0
What is the hundred thousands digit of 17044981?
0
What is the units digit of 7445?
5
What is the thousands digit of 5899731?
9
What is the ten millions digit of 12677545?
1
What is the units digit of 21573?
3
What is the tens digit of 220316?
1
What is the units digit of 286150?
0
What is the hundreds digit of 329186?
1
What is the ten thousands digit of 37453?
3
What is the hundreds digit of 3860952?
9
What is the ten thousands digit of 2379842?
7
What is the hundreds digit of 230843?
8
What is the tens digit of 101887?
8
What is the ten thousands digit of 948224?
4
What is the millions digit of 7348995?
7
What is the ten thousands digit of 510215?
1
What is the tens digit of 26783?
8
What is the units digit of 239125?
5
What is the millions digit of 13876705?
3
What is the tens digit of 5791232?
3
What is the thousands digit of 557236?
7
What is the millions digit of 10453073?
0
What is the thousands digit of 1635593?
5
What is the hundreds digit of 76205?
2
What is the ten thousands digit of 7478784?
7
What is the units digit of 996510?
0
What is the millions digit of 2499842?
2
What is the units digit of 8220108?
8
What is the hundred thousands digit of 143807?
1
What is the tens digit of 417355?
5
What is the ten thousands digit of 376327?
7
What is the units digit of 18797635?
5
What is the hundred thousands digit of 654329?
6
What is the units digit of 310083?
3
What is the tens digit of 88357?
5
What is the thousands digit of 224564?
4
What is the hundreds digit of 468587?
5
What is the thousands digit of 1451177?
1
What is the hundred thousands digit of 6188420?
1
What is the thousands digit of 1152412?
2
What is the thousands digit of 817151?
7
What is the tens digit of 1289?
8
What is the millions digit of 5305739?
5
What is the tens digit of 33753?
5
What is the tens digit of 865288?
8
What is the tens digit of 273893?
9
What is the tens digit of 509953?
5
What is the ten thousands digit of 858669?
5
What is the hundred thousands digit of 6471276?
4
What is the tens digit of 1506455?
5
What is the thousands digit of 130760?
0
What is the tens digit of 24419113?
1
What is the tens digit of 66348?
4
What is the units digit of 1227758?
8
What is the tens digit of 483808?
0
What is the tens digit of 297413?
1
What is the units digit of 1093168?
8
What is the millions digit of 1527081?
1
What is the millions digit of 13253799?
3
What is the units digit of 986?
6
What is the units digit of 6348069?
9
What is the units digit of 32503?
3
What is the units digit of 208675?
5
What is the units digit of 81027?
7
What is the ten millions digit of 11229966?
1
What is the thousands digit of 1063638?
3
What is the tens digit of 14125134?
3
What is the tens digit of 15125619?
1
What is the hundred thousands digit of 646256?
6
What is the hundreds digit of 893162?
1
What is the ten thousands digit of 7775520?
7
What is the units digit of 2530419?
9
What is the hundreds digit of 1938665?
6
What is the hundreds digit of 171149?
1
What is the tens digit of 889958?
5
What is the hundreds digit of 300326?
3
What is the hundred thousands digit of 614311?
6
What is the hundred thousands digit of 2791009?
7
What is the tens digit of 505325?
2
What is the tens digit of 5940360?
6
What is the millions digit of 3715807?
3
What is the units digit of 131721?
1
What is the thousands digit of 9391517?
1
What is the hundred thousands digit of 24657534?
6
What is the ten thousands digit of 2556637?
5
What is the thousands digit of 4785733?
5
What is the thousands digit of 29492751?
2
What is the millions digit of 7415650?
7
What is the units digit of 1443823?
3
What is the ten thousands digit of 215702?
1
What is the hundred thousands digit of 12334947?
3
What is the hundreds digit of 746762?
7
What is the hundred thousands digit of 854368?
8
What is the hundred thousands digit of 5435973?
4
What is the tens digit of 2964104?
0
What is the hundreds digit of 224441?
4
What is the hundreds digit of 1100581?
5
What is the units digit of 598222?
2
What is the units digit of 91822?
2
What is the ten thousands digit of 2616943?
1
What is the tens digit of 199994?
9
What is the tens digit of 19343112?
1
What is the units digit of 3633432?
2
What is the thousands digit of 11984116?
4
What is the units digit of 30701200?
0
What is the ten millions digit of 35926482?
3
What is the ten thousands digit of 12963593?
6
What is the hundred thousands digit of 3339068?
3
What is the tens digit of 13425092?
9
What is the millions digit of 31370648?
1
What is the hundreds digit of 319991?
9
What is the hundreds digit of 248384?
3
What is the units digit of 94487?
7
What is the units digit of 769039?
9
What is the thousands digit of 2953635?
3
What is the units digit of 917280?
0
What is the thousands digit of 23843?
3
What is the thousands digit of 2544823?
4
What is the ten thousands digit of 301503?
0
What is the tens digit of 3007507?
0
What is the hundred thousands digit of 253025?
2
What is the tens digit of 9839717?
1
What is the hundred thousands digit of 24868123?
8
What is the units digit of 237661?
1
What is the hundred thousands digit of 877969?
8
What is the units digit of 5224608?
8
What is the thousands digit of 348870?
8
What is the millions digit of 21901290?
1
What is the hundreds digit of 3730349?
3
What is the tens digit of 8854156?
5
What is the hundred thousands digit of 393394?
3
What is the thousands digit of 4593697?
3
What is the millions digit of 7018329?
7
What is the ten thousands digit of 58821?
5
What is the ten thousands digit of 1477374?
7
What is the hundreds digit of 21999?
9
What is the hundred thousands digit of 6479100?
4
What is the units digit of 17310497?
7
What is the thousands digit of 520260?
0
What is the hundred thousands digit of 525369?
5
What is the thousands digit of 4519210?
9
What is the hundreds digit of 3320?
3
What is the hundreds digit of 548347?
3
What is the units digit of 1259074?
4
What is the millions digit of 5954272?
5
What is the units digit of 6539785?
5
What is the tens digit of 485982?
8
What is the ten millions digit of 24969924?
2
What is the thousands digit of 37149850?
9
What is the thousands digit of 127263?
7
What is